termine c(o).
9
Let a(o) = o + 1. Let h(x) = -x. Let f be h(-1). Let b = f - -4. Give a(b).
6
Let h(k) = -k**2 + k - 1. Let f(t) = 4*t**2 + t + 6. Let a(v) = -f(v) - 5*h(v). Suppose 0 = o - 2*o. Suppose o = y - 4*r - 1, r + 4 = y. What is a(y)?
-6
Let i(u) = u - 1. Let y(c) = -3*c - 1. Let d(a) = 2*i(a) + y(a). Suppose 2*z + 3 = -5. Give d(z).
1
Let q(p) = p - 1. Suppose -6*v + 8 + 4 = 0. Determine q(v).
1
Let n(i) = i**2 - i - 1. Let j(k) = -4*k**2 + k - 1. Let t be 18/4 + 2/4. Let a(o) = t*n(o) + j(o). Determine a(5).
-1
Suppose -2*u - 2*u = -4. Let s be -2 + 2 + u + 0. Let q(n) = -17 + 36 - 20 - n. Give q(s).
-2
Let l(b) = -28*b**3 + 6*b**2 - 10. Let w(y) = -9*y**3 + 2*y**2 - 3. Let t(h) = 2*l(h) - 7*w(h). Suppose j + 3 - 2 = 0. Give t(j).
-8
Let j(r) be the second derivative of -r**8/6720 - r**7/2520 + r**6/144 + r**5/60 + 2*r**4/3 + 6*r. Let v(n) be the third derivative of j(n). Calculate v(-3).
5
Suppose 5 = -4*b + 17. Let o(l) = 2*l + 1. Calculate o(b).
7
Let d(n) = -6*n + 4. Suppose 4*x = 3*x - 8. Let l(g) = -g**2 - 9*g - 5. Let b be l(x). Give d(b).
-14
Let g(n) = -n**3 - 2*n - 4. Let l be g(0). Let u(i) = -3*i - 3. Give u(l).
9
Let y(k) = k**2 - 3*k - 2. Let d be (-10)/6*(-18)/15. Let l = 1 + d. What is y(l)?
-2
Let n(f) = -6*f + f**2 + 4*f + 0*f. Determine n(3).
3
Let r(k) be the first derivative of k**3/3 - 3*k**2/2 - 3*k - 5. Suppose -3*h - 11 = 5*g, h - g - g = 0. Calculate r(h).
7
Let x = -16 - -22. Let b(n) = -4*n. Let q(a) = 9*a - 1. Let g(z) = x*q(z) + 14*b(z). Let h = -9 + 5. Determine g(h).
2
Let p be (-6)/2 - (-38)/12. Let a(b) be the second derivative of 1/2*b**2 + 0 - b + p*b**3. Calculate a(4).
5
Let i be (3/(3/10))/(-2). Let c(o) = -o**3 - 5*o**2 - 4*o - 6. Let p be c(i). Suppose 3*u - 1 - p = 0. Let v(a) = -a**3 + 5*a**2 + 5. Give v(u).
5
Let i(x) = 7*x - 3. Let m = 4 - 2. Let l be m/(-1*2)*7. Let a(c) = 11*c - 4. Let p(t) = l*i(t) + 5*a(t). Give p(1).
7
Let w(o) = o**2 - 1. Let b be w(0). Let k(n) = n**3 + n**2 - n. Determine k(b).
1
Let t(y) be the first derivative of -2 - 2*y + 3/2*y**2. Determine t(2).
4
Let j(c) be the first derivative of 1/3*c**3 - 3*c**2 - 4 + 3*c. What is j(4)?
-5
Let b(v) = v**3 - 5*v**2 + 3*v + 5. Let n(t) = 3*t + 6. Let f be n(-4). Let s be (8/(-6))/((-4)/30). Let y = s + f. Determine b(y).
1
Let c(b) = -8*b - 8*b - 8*b + 25*b. Give c(7).
7
Let u(i) be the second derivative of 1/3*i**3 + 1/12*i**4 + 8*i + 0 - 7/2*i**2. Give u(-5).
8
Let s(p) = -p**2 + 11*p + 4. Let k be s(11). Let m(t) = 8 + 5*t + 2*t - 8*t. Determine m(k).
4
Let p(l) be the third derivative of l**6/120 + l**5/15 + l**4/8 + l**3/3 + 7*l**2. Calculate p(-2).
4
Let z(c) be the second derivative of -c**4/12 - c**3/6 + 3*c**2 - 3*c. Suppose -6*t - 15 = -t. Let u = t + 3. Determine z(u).
6
Let l(g) = 5*g + 3. Suppose y = 4*q - 0*q + 5, -5*q = -4*y - 2. Determine l(q).
-7
Suppose -4*b + 5 - 33 = 3*f, 0 = f. Let l(s) = -2*s - 9. Give l(b).
5
Let z(m) = m - 5. Suppose -30 + 0 = -5*u. Determine z(u).
1
Suppose 3*u = -0*u + 33. Let w(q) = q - 3. Let h(n) = -3*n + 10. Let j(o) = u*w(o) + 4*h(o). Let r be j(6). Let c(z) = -3*z + 1. What is c(r)?
-2
Let r(s) be the second derivative of s**6/360 - s**5/20 + s**4/24 - s**3/6 - s. Let q(h) be the second derivative of r(h). Determine q(6).
1
Suppose 9 - 1 = 4*i. Let m(j) be the first derivative of -j**2/2 + j + 6. What is m(i)?
-1
Let o(b) = -5*b**3 - 6*b**2 - 4*b + 1. Let l(z) = 9*z**3 + 11*z**2 + 7*z - 2. Let d(i) = 4*l(i) + 7*o(i). Suppose -t - 4 = t. Let s = t - -1. Give d(s).
0
Let a(h) = 2*h**2. Let b be (8/(-20))/(2/20). Let j = b + 3. Calculate a(j).
2
Let b(s) = s**3 + 3*s**2 - 3*s. Let g(q) = -q**3 - q**2 + q. Let w(t) = -t**2 - 8*t - 17. Let y be w(-5). Let z(p) = y*g(p) - b(p). Calculate z(1).
1
Let p = -41 + 37. Let x(m) = m - 3*m + 5 + 3*m. Give x(p).
1
Let b(s) = -6*s - 1. Let p(k) = 3 - 10*k**2 + k**2 + 8*k**2 - 3*k. Let f be (-51)/12 + 1/4. Let o be p(f). Give b(o).
5
Let y(w) = -2*w + 1. Suppose -o = -3*o + 180. Let i be o/25 - 2/(-5). Calculate y(i).
-7
Let o(s) = s - 5. Let u(y) be the second derivative of -2*y**3/3 + 21*y**2/2 - 2*y. Let d(q) = 9*o(q) + 2*u(q). Determine d(7).
4
Let i = -56 + 53. Let y(v) = v**3 + 3*v**2 - 2*v - 1. What is y(i)?
5
Let y = 200 - 206. Let x(q) = 2*q**3 - 2*q**2 + q - 8. Let n(m) = -3*m**3 + m**2 + 8. Let l(v) = -3*n(v) - 4*x(v). Give l(y).
-4
Let o(k) be the first derivative of k**4/4 - k**3/3 - k**2/2 + 47. What is o(-1)?
-1
Let y be 1/(-1*(-2)/50). Suppose d - y = 6*d. Let a(r) = r**3 + 4*r**2 - 5*r. Calculate a(d).
0
Let c(v) be the second derivative of -v**4/6 - v**3/6 + v**2/2 - 9*v. What is c(1)?
-2
Let d(z) be the third derivative of -5/6*z**3 - 1/120*z**6 + 1/10*z**5 + 0 - 2*z**2 + 0*z - 1/8*z**4. Let r be (-365)/(-75) - (-4)/30. Determine d(r).
5
Let l(c) = -4*c - 8. Let h(j) = 5*j + 8. Let w(q) = 3*h(q) + 2*l(q). Let u(i) = 13*i + 15. Let r(g) = -6*u(g) + 11*w(g). Give r(4).
-6
Let k(i) = 4*i**3 + 3*i**2 - 4*i - 2. Let r(o) = 3*o**3 + 3*o**2 - 3*o - 2. Let n(c) = -4*k(c) + 5*r(c). Give n(3).
1
Let d be (10/6 - 0)*-3. Suppose 0 = 4*s - 8, 0 = g + 4*s - 2 - 11. Let x(p) = 6*p**2 + 0 + 6*p + p**3 + g - 3. Determine x(d).
-3
Let i(k) = -4*k - 2. Suppose -3*l = -7*l + 12, -l = -d - 11. Let y be d/(-3) - 2/3. Suppose -y*u - 7 + 3 = 0. Determine i(u).
6
Let d(b) = b**2 - 10*b + 6. Let w be d(9). Suppose 3*g + g = 12. Let c(x) = -4*x**2 + 2*x**2 + 4*x - 2 + 1 - x**g. Calculate c(w).
-4
Let l(p) = -2*p**3 + 3*p**2 - 1. Let z(t) = -17*t**3 + 19*t**2 - 7. Let h(x) = 6*l(x) - z(x). Let q(a) = -a**3 + 4*a**2 - 1. Let j be q(4). Give h(j).
-5
Let j(l) = 5*l + 1. Let c(v) = v**2 + v. Let d(r) = -c(r) + j(r). Suppose 0*s = -2*s + 4*y + 14, 2 = 2*s + 2*y. Give d(s).
4
Let a(i) = 4*i. Let m be a(0). Let c(b) = -b**2 + b + 6. What is c(m)?
6
Suppose -2*u + 3 = -0*u + 3*o, 4*u = -4*o + 8. Let d(k) = 6 - 3*k - 2*k + 4*k. What is d(u)?
3
Suppose -3*t = 1 + 2. Let q = -2 + 2. Let l(j) = 0 - 5 + 4 + 2*j**2 - 2*j + q. Calculate l(t).
3
Let d(v) = v**2 + 5*v. Let m = -11 + 13. Suppose 6 = -m*w + 2*c, 2*c - 25 = 5*w - 4. Determine d(w).
0
Let n = -16 - -11. Let p(k) = -6*k**2 - 3*k - 1. Let d(y) = 5*y**2 + 2*y. Let v(b) = n*d(b) - 4*p(b). What is v(4)?
-4
Let i = -96 - -110. Let q(g) = g**2 - 14*g - 4. Calculate q(i).
-4
Let u(q) = -q + 5. Let t be u(8). Let n = t - -5. Let w(v) = -24 + 4*v - 10*v + 27 + v**n. Give w(5).
-2
Let i(k) = -5*k + k + k. Let q(z) be the first derivative of z**3/3 + 5*z**2/2 + 3*z - 15. Let p be q(-3). Determine i(p).
9
Let x(u) = 9*u - 11. Let v(p) = 14*p - 17. Let a(j) = 5*v(j) - 8*x(j). Calculate a(3).
-3
Let t = 25 + -21. Let c(k) = k**3 - 2*k**2 - 4*k - 3. Determine c(t).
13
Let o(a) = -a - 1. Let s = 8 + -4. Suppose -z - 4*z = -s*g + 160, 3*z - g = -89. Let b be z/(-8) + 1/(-2). What is o(b)?
-4
Let l(y) = 4*y**2 - y - 5. Let x(p) = -4*p**2 + 2*p + 6. Let r(a) = 4*l(a) + 3*x(a). Calculate r(-2).
10
Let t(o) = 28*o**2 + 2*o - 27*o**2 - 5*o - 2. Calculate t(3).
-2
Let k(f) = f**2 - 1. Let o be k(-1). Let s(i) = 3*i + o*i + i. Let t(w) = w**3 - w + 1. Let u be t(1). Determine s(u).
4
Let f(s) = -s**2 + 5*s. Suppose n - 5 = 7. Let o be 6/(-4)*n/(-9). Suppose 5*j = j + o*p + 18, -5*j = 2*p - 18. What is f(j)?
4
Let k(r) be the third derivative of -2*r**2 - 1/60*r**5 + 0 - 5/24*r**4 + 0*r + 1/3*r**3. Let i(z) = -z**3 - z**2 + z - 4. Let t be i(0). Calculate k(t).
6
Let w(k) = k + 4. Suppose -4 = -5*a - 19. Let p(i) = -i**3 - 2*i**2 + 4*i. Let v be p(a). Determine w(v).
1
Suppose 4 = 2*m - 6. Let a(q) = 0*q**3 + 0 - 3 - 2 - m*q**2 + 7*q + q**3. Calculate a(4).
7
Let u(m) = 7*m**3 + 5*m**2 - 2*m - 9. Let p(c) = 13*c**3 + 10*c**2 - 3*c - 17. Let g(j) = 6*p(j) - 11*u(j). Give g(-4).
-3
Let q(g) = -3*g**3 - 13*g**2 - 17*g + 4. Let t = 9 - 4. Let b(l) = l**3 + 6*l**2 + 8*l - 2. Let j(x) = t*b(x) + 2*q(x). Give j(5).
3
Suppose 0*i + 4*i - r + 23 = 0, i + 4 = 2*r. Let j = -10 - i. Let y(l) = l + 3. Give y(j).
-1
Let m(o) = -o**2 - o - 1. Suppose -y + 5*y = -8. What is m(y)?
-3
Suppose -4*z = -7*z + 6. Let m(q) = 0*q**z - 2 + q**2 - q**3 - 5*q**2 + 3*q**2. Calculate m(-2).
2
Let f(r) = 15*r - 1. Suppose 2*l - 5*p = 6*l + 7, -3*l - 2*p = 14. Let s(q) = -45*q + 3. Let t(j) = l*f(j) - 3*s(j). Give t(-1).
-16
Suppose -2*f = -5*w + 45, 1